{"id":58,"date":"2021-09-26T22:54:51","date_gmt":"2021-09-26T20:54:51","guid":{"rendered":"http:\/\/paturpaysage.com\/?page_id=58"},"modified":"2021-10-10T21:34:34","modified_gmt":"2021-10-10T19:34:34","slug":"realisations-2","status":"publish","type":"page","link":"https:\/\/paturpaysage.com\/index.php\/realisations\/realisations-2\/","title":{"rendered":"Am\u00e9nagements paysagers"},"content":{"rendered":"\n<hr class=\"wp-block-separator\"\/>\n\n\n\n<div style=\"height:91px\" aria-hidden=\"true\" class=\"wp-block-spacer\"><\/div>\n\n\n\n<h2>Escalier, Bordure bois &amp; Engazonnement<\/h2>\n\n\n\n<div style=\"height:20px\" aria-hidden=\"true\" class=\"wp-block-spacer\"><\/div>\n\n\n\n<figure class=\"wp-block-gallery columns-2 is-cropped\"><ul class=\"blocks-gallery-grid\"><li class=\"blocks-gallery-item\"><figure><img loading=\"lazy\" width=\"1024\" height=\"768\" src=\"http:\/\/paturpaysage.com\/wp-content\/uploads\/2021\/10\/IMG_2505-1024x768.jpg\" alt=\"\" data-id=\"479\" data-link=\"http:\/\/paturpaysage.com\/index.php\/realisations\/realisations-2\/img_2505\/\" class=\"wp-image-479\" srcset=\"https:\/\/paturpaysage.com\/wp-content\/uploads\/2021\/10\/IMG_2505-1024x768.jpg 1024w, https:\/\/paturpaysage.com\/wp-content\/uploads\/2021\/10\/IMG_2505-300x225.jpg 300w, https:\/\/paturpaysage.com\/wp-content\/uploads\/2021\/10\/IMG_2505-768x576.jpg 768w, https:\/\/paturpaysage.com\/wp-content\/uploads\/2021\/10\/IMG_2505-1536x1152.jpg 1536w, https:\/\/paturpaysage.com\/wp-content\/uploads\/2021\/10\/IMG_2505-2048x1536.jpg 2048w, https:\/\/paturpaysage.com\/wp-content\/uploads\/2021\/10\/IMG_2505-1x1.jpg 1w\" sizes=\"(max-width: 1024px) 100vw, 1024px\" \/><\/figure><\/li><li class=\"blocks-gallery-item\"><figure><img loading=\"lazy\" width=\"1024\" height=\"768\" src=\"http:\/\/paturpaysage.com\/wp-content\/uploads\/2021\/10\/IMG_2481-1-1024x768.jpg\" alt=\"\" data-id=\"476\" data-link=\"http:\/\/paturpaysage.com\/index.php\/realisations\/realisations-2\/img_2481-2\/\" class=\"wp-image-476\" srcset=\"https:\/\/paturpaysage.com\/wp-content\/uploads\/2021\/10\/IMG_2481-1-1024x768.jpg 1024w, https:\/\/paturpaysage.com\/wp-content\/uploads\/2021\/10\/IMG_2481-1-300x225.jpg 300w, https:\/\/paturpaysage.com\/wp-content\/uploads\/2021\/10\/IMG_2481-1-768x576.jpg 768w, https:\/\/paturpaysage.com\/wp-content\/uploads\/2021\/10\/IMG_2481-1-1536x1152.jpg 1536w, https:\/\/paturpaysage.com\/wp-content\/uploads\/2021\/10\/IMG_2481-1-2048x1536.jpg 2048w, https:\/\/paturpaysage.com\/wp-content\/uploads\/2021\/10\/IMG_2481-1-1x1.jpg 1w\" sizes=\"(max-width: 1024px) 100vw, 1024px\" \/><\/figure><\/li><li class=\"blocks-gallery-item\"><figure><img loading=\"lazy\" width=\"768\" height=\"1024\" src=\"http:\/\/paturpaysage.com\/wp-content\/uploads\/2021\/10\/IMG_2482-768x1024.jpg\" alt=\"\" data-id=\"487\" data-full-url=\"http:\/\/paturpaysage.com\/wp-content\/uploads\/2021\/10\/IMG_2482-scaled.jpg\" data-link=\"http:\/\/paturpaysage.com\/index.php\/realisations\/realisations-2\/img_2482\/\" class=\"wp-image-487\" srcset=\"https:\/\/paturpaysage.com\/wp-content\/uploads\/2021\/10\/IMG_2482-768x1024.jpg 768w, https:\/\/paturpaysage.com\/wp-content\/uploads\/2021\/10\/IMG_2482-225x300.jpg 225w, https:\/\/paturpaysage.com\/wp-content\/uploads\/2021\/10\/IMG_2482-1152x1536.jpg 1152w, https:\/\/paturpaysage.com\/wp-content\/uploads\/2021\/10\/IMG_2482-1536x2048.jpg 1536w, https:\/\/paturpaysage.com\/wp-content\/uploads\/2021\/10\/IMG_2482-1x1.jpg 1w, https:\/\/paturpaysage.com\/wp-content\/uploads\/2021\/10\/IMG_2482-scaled.jpg 1920w\" sizes=\"(max-width: 768px) 100vw, 768px\" \/><\/figure><\/li><li class=\"blocks-gallery-item\"><figure><img loading=\"lazy\" width=\"1024\" height=\"768\" src=\"http:\/\/paturpaysage.com\/wp-content\/uploads\/2021\/10\/IMG_2501-1024x768.jpg\" alt=\"\" data-id=\"477\" data-link=\"http:\/\/paturpaysage.com\/index.php\/realisations\/realisations-2\/img_2501\/\" class=\"wp-image-477\" srcset=\"https:\/\/paturpaysage.com\/wp-content\/uploads\/2021\/10\/IMG_2501-1024x768.jpg 1024w, https:\/\/paturpaysage.com\/wp-content\/uploads\/2021\/10\/IMG_2501-300x225.jpg 300w, https:\/\/paturpaysage.com\/wp-content\/uploads\/2021\/10\/IMG_2501-768x576.jpg 768w, https:\/\/paturpaysage.com\/wp-content\/uploads\/2021\/10\/IMG_2501-1536x1152.jpg 1536w, https:\/\/paturpaysage.com\/wp-content\/uploads\/2021\/10\/IMG_2501-2048x1536.jpg 2048w, https:\/\/paturpaysage.com\/wp-content\/uploads\/2021\/10\/IMG_2501-1x1.jpg 1w\" sizes=\"(max-width: 1024px) 100vw, 1024px\" \/><\/figure><\/li><li class=\"blocks-gallery-item\"><figure><img loading=\"lazy\" width=\"1024\" height=\"768\" src=\"http:\/\/paturpaysage.com\/wp-content\/uploads\/2021\/10\/IMG_2511-1024x768.jpg\" alt=\"\" data-id=\"481\" data-link=\"http:\/\/paturpaysage.com\/index.php\/realisations\/realisations-2\/img_2511\/\" class=\"wp-image-481\" srcset=\"https:\/\/paturpaysage.com\/wp-content\/uploads\/2021\/10\/IMG_2511-1024x768.jpg 1024w, https:\/\/paturpaysage.com\/wp-content\/uploads\/2021\/10\/IMG_2511-300x225.jpg 300w, https:\/\/paturpaysage.com\/wp-content\/uploads\/2021\/10\/IMG_2511-768x576.jpg 768w, https:\/\/paturpaysage.com\/wp-content\/uploads\/2021\/10\/IMG_2511-1536x1152.jpg 1536w, https:\/\/paturpaysage.com\/wp-content\/uploads\/2021\/10\/IMG_2511-2048x1536.jpg 2048w, https:\/\/paturpaysage.com\/wp-content\/uploads\/2021\/10\/IMG_2511-1x1.jpg 1w\" sizes=\"(max-width: 1024px) 100vw, 1024px\" \/><\/figure><\/li><li class=\"blocks-gallery-item\"><figure><img loading=\"lazy\" width=\"828\" height=\"1024\" src=\"http:\/\/paturpaysage.com\/wp-content\/uploads\/2021\/10\/IMG_2512-828x1024.jpg\" alt=\"\" data-id=\"484\" data-link=\"http:\/\/paturpaysage.com\/index.php\/realisations\/realisations-2\/img_2512\/\" class=\"wp-image-484\" srcset=\"https:\/\/paturpaysage.com\/wp-content\/uploads\/2021\/10\/IMG_2512-828x1024.jpg 828w, https:\/\/paturpaysage.com\/wp-content\/uploads\/2021\/10\/IMG_2512-242x300.jpg 242w, https:\/\/paturpaysage.com\/wp-content\/uploads\/2021\/10\/IMG_2512-768x950.jpg 768w, https:\/\/paturpaysage.com\/wp-content\/uploads\/2021\/10\/IMG_2512-1241x1536.jpg 1241w, https:\/\/paturpaysage.com\/wp-content\/uploads\/2021\/10\/IMG_2512-1655x2048.jpg 1655w, https:\/\/paturpaysage.com\/wp-content\/uploads\/2021\/10\/IMG_2512-1x1.jpg 1w\" sizes=\"(max-width: 828px) 100vw, 828px\" \/><\/figure><\/li><li class=\"blocks-gallery-item\"><figure><img loading=\"lazy\" width=\"1024\" height=\"768\" src=\"http:\/\/paturpaysage.com\/wp-content\/uploads\/2021\/10\/IMG_2507-1024x768.jpg\" alt=\"\" data-id=\"480\" data-link=\"http:\/\/paturpaysage.com\/index.php\/realisations\/realisations-2\/img_2507\/\" class=\"wp-image-480\" srcset=\"https:\/\/paturpaysage.com\/wp-content\/uploads\/2021\/10\/IMG_2507-1024x768.jpg 1024w, https:\/\/paturpaysage.com\/wp-content\/uploads\/2021\/10\/IMG_2507-300x225.jpg 300w, https:\/\/paturpaysage.com\/wp-content\/uploads\/2021\/10\/IMG_2507-768x576.jpg 768w, https:\/\/paturpaysage.com\/wp-content\/uploads\/2021\/10\/IMG_2507-1536x1152.jpg 1536w, https:\/\/paturpaysage.com\/wp-content\/uploads\/2021\/10\/IMG_2507-2048x1536.jpg 2048w, https:\/\/paturpaysage.com\/wp-content\/uploads\/2021\/10\/IMG_2507-1x1.jpg 1w\" sizes=\"(max-width: 1024px) 100vw, 1024px\" \/><\/figure><\/li><\/ul><\/figure>\n\n\n\n<p>Escalier marches en ch\u00eane &amp; remplissage tout-venant+gravier silex<\/p>\n\n\n\n<p>Bordure en bois Douglas<\/p>\n\n\n\n<p>Engazonnement du talus <\/p>\n\n\n\n<div style=\"height:100px\" aria-hidden=\"true\" class=\"wp-block-spacer\"><\/div>\n\n\n\n<hr class=\"wp-block-separator\"\/>\n\n\n\n<div style=\"height:100px\" aria-hidden=\"true\" class=\"wp-block-spacer\"><\/div>\n\n\n\n<h2><strong>Am\u00e9nagement de l&#8217;acc\u00e8s \u00e0 un pavillon moderne<\/strong><\/h2>\n\n\n\n<div style=\"height:20px\" aria-hidden=\"true\" class=\"wp-block-spacer\"><\/div>\n\n\n\n<figure class=\"wp-block-gallery aligncenter columns-3 is-cropped\"><ul class=\"blocks-gallery-grid\"><li class=\"blocks-gallery-item\"><figure><img loading=\"lazy\" width=\"1024\" height=\"768\" src=\"http:\/\/paturpaysage.com\/wp-content\/uploads\/2021\/09\/IMG_2187-1024x768.jpg\" alt=\"\" data-id=\"159\" data-full-url=\"http:\/\/paturpaysage.com\/wp-content\/uploads\/2021\/09\/IMG_2187-scaled.jpg\" data-link=\"http:\/\/paturpaysage.com\/index.php\/realisations\/realisations-2\/img_2187\/\" class=\"wp-image-159\" srcset=\"https:\/\/paturpaysage.com\/wp-content\/uploads\/2021\/09\/IMG_2187-1024x768.jpg 1024w, https:\/\/paturpaysage.com\/wp-content\/uploads\/2021\/09\/IMG_2187-300x225.jpg 300w, https:\/\/paturpaysage.com\/wp-content\/uploads\/2021\/09\/IMG_2187-768x576.jpg 768w, https:\/\/paturpaysage.com\/wp-content\/uploads\/2021\/09\/IMG_2187-1536x1152.jpg 1536w, https:\/\/paturpaysage.com\/wp-content\/uploads\/2021\/09\/IMG_2187-2048x1536.jpg 2048w, https:\/\/paturpaysage.com\/wp-content\/uploads\/2021\/09\/IMG_2187-1x1.jpg 1w\" sizes=\"(max-width: 1024px) 100vw, 1024px\" \/><\/figure><\/li><li class=\"blocks-gallery-item\"><figure><img loading=\"lazy\" width=\"1024\" height=\"768\" src=\"http:\/\/paturpaysage.com\/wp-content\/uploads\/2021\/09\/IMG_2188-1024x768.jpg\" alt=\"\" data-id=\"160\" data-full-url=\"http:\/\/paturpaysage.com\/wp-content\/uploads\/2021\/09\/IMG_2188-scaled.jpg\" data-link=\"http:\/\/paturpaysage.com\/index.php\/realisations\/realisations-2\/img_2188\/\" class=\"wp-image-160\" srcset=\"https:\/\/paturpaysage.com\/wp-content\/uploads\/2021\/09\/IMG_2188-1024x768.jpg 1024w, https:\/\/paturpaysage.com\/wp-content\/uploads\/2021\/09\/IMG_2188-300x225.jpg 300w, https:\/\/paturpaysage.com\/wp-content\/uploads\/2021\/09\/IMG_2188-768x576.jpg 768w, https:\/\/paturpaysage.com\/wp-content\/uploads\/2021\/09\/IMG_2188-1536x1152.jpg 1536w, https:\/\/paturpaysage.com\/wp-content\/uploads\/2021\/09\/IMG_2188-2048x1536.jpg 2048w, https:\/\/paturpaysage.com\/wp-content\/uploads\/2021\/09\/IMG_2188-1x1.jpg 1w\" sizes=\"(max-width: 1024px) 100vw, 1024px\" \/><\/figure><\/li><li class=\"blocks-gallery-item\"><figure><img loading=\"lazy\" width=\"1024\" height=\"768\" src=\"http:\/\/paturpaysage.com\/wp-content\/uploads\/2021\/09\/IMG_2202-1024x768.jpg\" alt=\"\" data-id=\"162\" data-full-url=\"http:\/\/paturpaysage.com\/wp-content\/uploads\/2021\/09\/IMG_2202-scaled.jpg\" data-link=\"http:\/\/paturpaysage.com\/index.php\/realisations\/realisations-2\/img_2202\/\" class=\"wp-image-162\" srcset=\"https:\/\/paturpaysage.com\/wp-content\/uploads\/2021\/09\/IMG_2202-1024x768.jpg 1024w, https:\/\/paturpaysage.com\/wp-content\/uploads\/2021\/09\/IMG_2202-300x225.jpg 300w, https:\/\/paturpaysage.com\/wp-content\/uploads\/2021\/09\/IMG_2202-768x576.jpg 768w, https:\/\/paturpaysage.com\/wp-content\/uploads\/2021\/09\/IMG_2202-1536x1152.jpg 1536w, https:\/\/paturpaysage.com\/wp-content\/uploads\/2021\/09\/IMG_2202-2048x1536.jpg 2048w, https:\/\/paturpaysage.com\/wp-content\/uploads\/2021\/09\/IMG_2202-1x1.jpg 1w\" sizes=\"(max-width: 1024px) 100vw, 1024px\" \/><\/figure><\/li><li class=\"blocks-gallery-item\"><figure><img loading=\"lazy\" width=\"1024\" height=\"768\" src=\"http:\/\/paturpaysage.com\/wp-content\/uploads\/2021\/09\/IMG_2197-1024x768.jpg\" alt=\"\" data-id=\"161\" data-full-url=\"http:\/\/paturpaysage.com\/wp-content\/uploads\/2021\/09\/IMG_2197-scaled.jpg\" data-link=\"http:\/\/paturpaysage.com\/index.php\/realisations\/realisations-2\/img_2197\/\" class=\"wp-image-161\" srcset=\"https:\/\/paturpaysage.com\/wp-content\/uploads\/2021\/09\/IMG_2197-1024x768.jpg 1024w, https:\/\/paturpaysage.com\/wp-content\/uploads\/2021\/09\/IMG_2197-300x225.jpg 300w, https:\/\/paturpaysage.com\/wp-content\/uploads\/2021\/09\/IMG_2197-768x576.jpg 768w, https:\/\/paturpaysage.com\/wp-content\/uploads\/2021\/09\/IMG_2197-1536x1152.jpg 1536w, https:\/\/paturpaysage.com\/wp-content\/uploads\/2021\/09\/IMG_2197-2048x1536.jpg 2048w, https:\/\/paturpaysage.com\/wp-content\/uploads\/2021\/09\/IMG_2197-1x1.jpg 1w\" sizes=\"(max-width: 1024px) 100vw, 1024px\" \/><\/figure><\/li><\/ul><\/figure>\n\n\n\n<p>Muret de sout\u00e8nement en gabion avec remplissage pierre blanche <\/p>\n\n\n\n<p>Retenue de terre de part-et-d&#8217;autre de l&#8217;escalier en palis d\u2019ardoise<\/p>\n\n\n\n<p>Marches en traverses de ch\u00eane<\/p>\n\n\n\n<p>Remplissage marches et all\u00e9e en paillette d&#8217;ardoise<\/p>\n\n\n\n<p>Paillage des massifs en toile polypropyl\u00e8ne tiss\u00e9e (plantation ult\u00e9rieure)<\/p>\n\n\n\n<div style=\"height:160px\" aria-hidden=\"true\" class=\"wp-block-spacer\"><\/div>\n\n\n\n<p><\/p>\n\n\n\n<hr class=\"wp-block-separator\"\/>\n\n\n\n<p><\/p>\n\n\n\n<div style=\"height:94px\" aria-hidden=\"true\" class=\"wp-block-spacer\"><\/div>\n\n\n\n<h2>Cr\u00e9ation de massifs style m\u00e9diterran\u00e9en<\/h2>\n\n\n\n<div style=\"height:20px\" aria-hidden=\"true\" class=\"wp-block-spacer\"><\/div>\n\n\n\n<figure class=\"wp-block-gallery columns-2 is-cropped\"><ul class=\"blocks-gallery-grid\"><li class=\"blocks-gallery-item\"><figure><img loading=\"lazy\" width=\"768\" height=\"1024\" src=\"http:\/\/paturpaysage.com\/wp-content\/uploads\/2021\/09\/IMG_2106-768x1024.jpg\" alt=\"\" data-id=\"164\" data-full-url=\"http:\/\/paturpaysage.com\/wp-content\/uploads\/2021\/09\/IMG_2106-scaled.jpg\" data-link=\"http:\/\/paturpaysage.com\/index.php\/realisations\/realisations-2\/img_2106\/\" class=\"wp-image-164\" srcset=\"https:\/\/paturpaysage.com\/wp-content\/uploads\/2021\/09\/IMG_2106-768x1024.jpg 768w, https:\/\/paturpaysage.com\/wp-content\/uploads\/2021\/09\/IMG_2106-225x300.jpg 225w, https:\/\/paturpaysage.com\/wp-content\/uploads\/2021\/09\/IMG_2106-1152x1536.jpg 1152w, https:\/\/paturpaysage.com\/wp-content\/uploads\/2021\/09\/IMG_2106-1536x2048.jpg 1536w, https:\/\/paturpaysage.com\/wp-content\/uploads\/2021\/09\/IMG_2106-1x1.jpg 1w, https:\/\/paturpaysage.com\/wp-content\/uploads\/2021\/09\/IMG_2106-scaled.jpg 1920w\" sizes=\"(max-width: 768px) 100vw, 768px\" \/><\/figure><\/li><li class=\"blocks-gallery-item\"><figure><img loading=\"lazy\" width=\"768\" height=\"1024\" src=\"http:\/\/paturpaysage.com\/wp-content\/uploads\/2021\/09\/IMG_2107-768x1024.jpg\" alt=\"\" data-id=\"165\" data-full-url=\"http:\/\/paturpaysage.com\/wp-content\/uploads\/2021\/09\/IMG_2107-scaled.jpg\" data-link=\"http:\/\/paturpaysage.com\/index.php\/realisations\/realisations-2\/img_2107\/\" class=\"wp-image-165\" srcset=\"https:\/\/paturpaysage.com\/wp-content\/uploads\/2021\/09\/IMG_2107-768x1024.jpg 768w, https:\/\/paturpaysage.com\/wp-content\/uploads\/2021\/09\/IMG_2107-225x300.jpg 225w, https:\/\/paturpaysage.com\/wp-content\/uploads\/2021\/09\/IMG_2107-1152x1536.jpg 1152w, https:\/\/paturpaysage.com\/wp-content\/uploads\/2021\/09\/IMG_2107-1536x2048.jpg 1536w, https:\/\/paturpaysage.com\/wp-content\/uploads\/2021\/09\/IMG_2107-1x1.jpg 1w, https:\/\/paturpaysage.com\/wp-content\/uploads\/2021\/09\/IMG_2107-scaled.jpg 1920w\" sizes=\"(max-width: 768px) 100vw, 768px\" \/><\/figure><\/li><li class=\"blocks-gallery-item\"><figure><img loading=\"lazy\" width=\"1024\" height=\"768\" src=\"http:\/\/paturpaysage.com\/wp-content\/uploads\/2021\/09\/IMG_2141-1024x768.jpg\" alt=\"\" data-id=\"166\" data-full-url=\"http:\/\/paturpaysage.com\/wp-content\/uploads\/2021\/09\/IMG_2141-scaled.jpg\" data-link=\"http:\/\/paturpaysage.com\/index.php\/realisations\/realisations-2\/img_2141\/\" class=\"wp-image-166\" srcset=\"https:\/\/paturpaysage.com\/wp-content\/uploads\/2021\/09\/IMG_2141-1024x768.jpg 1024w, https:\/\/paturpaysage.com\/wp-content\/uploads\/2021\/09\/IMG_2141-300x225.jpg 300w, https:\/\/paturpaysage.com\/wp-content\/uploads\/2021\/09\/IMG_2141-768x576.jpg 768w, https:\/\/paturpaysage.com\/wp-content\/uploads\/2021\/09\/IMG_2141-1536x1152.jpg 1536w, https:\/\/paturpaysage.com\/wp-content\/uploads\/2021\/09\/IMG_2141-2048x1536.jpg 2048w, https:\/\/paturpaysage.com\/wp-content\/uploads\/2021\/09\/IMG_2141-1x1.jpg 1w\" sizes=\"(max-width: 1024px) 100vw, 1024px\" \/><\/figure><\/li><\/ul><\/figure>\n\n\n\n<p>Bordures en volige acier<\/p>\n\n\n\n<p>Plantation de v\u00e9g\u00e9taux m\u00e9diterran\u00e9ens <\/p>\n\n\n\n<p>Paillage toile polypropyl\u00e8ne tiss\u00e9 + pouzzolane <\/p>\n\n\n\n<hr class=\"wp-block-separator\"\/>\n\n\n\n<p><\/p>\n","protected":false},"excerpt":{"rendered":"<p>Escalier, Bordure bois &amp; Engazonnement Escalier marches en ch\u00eane &amp; remplissage tout-venant+gravier silex Bordure en bois Douglas Engazonnement du talus Am\u00e9nagement de l&#8217;acc\u00e8s \u00e0 un pavillon moderne Muret de sout\u00e8nement en gabion avec remplissage pierre blanche Retenue de terre de part-et-d&#8217;autre de l&#8217;escalier en palis d\u2019ardoise Marches en traverses de ch\u00eane Remplissage marches et all\u00e9e [&hellip;]<\/p>\n","protected":false},"author":1,"featured_media":75,"parent":54,"menu_order":0,"comment_status":"closed","ping_status":"closed","template":"full-width.php","meta":[],"_links":{"self":[{"href":"https:\/\/paturpaysage.com\/index.php\/wp-json\/wp\/v2\/pages\/58"}],"collection":[{"href":"https:\/\/paturpaysage.com\/index.php\/wp-json\/wp\/v2\/pages"}],"about":[{"href":"https:\/\/paturpaysage.com\/index.php\/wp-json\/wp\/v2\/types\/page"}],"author":[{"embeddable":true,"href":"https:\/\/paturpaysage.com\/index.php\/wp-json\/wp\/v2\/users\/1"}],"replies":[{"embeddable":true,"href":"https:\/\/paturpaysage.com\/index.php\/wp-json\/wp\/v2\/comments?post=58"}],"version-history":[{"count":30,"href":"https:\/\/paturpaysage.com\/index.php\/wp-json\/wp\/v2\/pages\/58\/revisions"}],"predecessor-version":[{"id":490,"href":"https:\/\/paturpaysage.com\/index.php\/wp-json\/wp\/v2\/pages\/58\/revisions\/490"}],"up":[{"embeddable":true,"href":"https:\/\/paturpaysage.com\/index.php\/wp-json\/wp\/v2\/pages\/54"}],"wp:featuredmedia":[{"embeddable":true,"href":"https:\/\/paturpaysage.com\/index.php\/wp-json\/wp\/v2\/media\/75"}],"wp:attachment":[{"href":"https:\/\/paturpaysage.com\/index.php\/wp-json\/wp\/v2\/media?parent=58"}],"curies":[{"name":"wp","href":"https:\/\/api.w.org\/{rel}","templated":true}]}}