{"id":411,"date":"2021-10-03T22:46:29","date_gmt":"2021-10-03T20:46:29","guid":{"rendered":"http:\/\/paturpaysage.com\/?page_id=411"},"modified":"2022-11-28T21:19:36","modified_gmt":"2022-11-28T20:19:36","slug":"le-fonctionnement","status":"publish","type":"page","link":"https:\/\/paturpaysage.com\/index.php\/le-fonctionnement\/","title":{"rendered":"L&#8217;\u00c9co-p\u00e2turage                                 Comment ca marche ?"},"content":{"rendered":"\n<div style=\"height:20px\" aria-hidden=\"true\" class=\"wp-block-spacer\"><\/div>\n\n\n\n<p>L&#8217;\u00e9co-p\u00e2turage&#8221; \u00e9galement appel\u00e9 &#8220;\u00e9copastoralisme&#8221; est une technique \u00e9cologique d&#8217;entretien des espaces verts par l&#8217;utilisation d&#8217;animaux herbivores. <\/p>\n\n\n\n<p>L&#8217;\u00e9co-p\u00e2turage est l&#8217;alternative id\u00e9ale pour la tonte ou le fauchage de l&#8217;herbe combin\u00e9 au plaisir d&#8217;avoir des animaux familiers durant la belle saison.  <\/p>\n\n\n\n<p>Principalement pratiqu\u00e9 sur les sites industriels, l&#8217;\u00e9co-p\u00e2turage peut tout aussi bien trouver sa place chez les particuliers !<\/p>\n\n\n\n<div style=\"height:33px\" aria-hidden=\"true\" class=\"wp-block-spacer\"><\/div>\n\n\n\n<p> Chez PATUR PAYSAGE, les tondeuses \u00e9cologiques sont soit des ch\u00e8vres de race &#8216;Rove&#8217; soit des moutons de race &#8216;Shropshire&#8217; . <\/p>\n\n\n\n<p>Excellente d\u00e9broussailleuse, la ch\u00e8vre du Rove a pour atout d&#8217;\u00eatre tr\u00e8s belle et sociable. <\/p>\n\n\n\n<p>Quant au mouton de race Shropshire, au del\u00e0 de son physique attrayant, il a pour particularit\u00e9 de ne pas manger l&#8217;\u00e9corce des arbres. <\/p>\n\n\n\n<div style=\"height:43px\" aria-hidden=\"true\" class=\"wp-block-spacer\"><\/div>\n\n\n\n<p>Au m\u00eame titre qu&#8217;un contrat de tonte des pelouses &#8220;classique&#8221;, l&#8217;\u00e9co-p\u00e2turage est propos\u00e9 sous forme de contrat annuel ou trisannuel. <\/p>\n\n\n\n<p>Ce contrat d\u00e9bute par le mise \u00e0 l&#8217;herbe des animaux en mars-avril. Ils p\u00e2turent ensuite jusqu&#8217;en octobre-novembre lorsque la v\u00e9g\u00e9tation ne pousse plus. Ensuite nous r\u00e9cup\u00e9rons les ch\u00e8vres\/moutons afin qu&#8217;ils passent l&#8217;hiver en ch\u00e8vrerie\/bergerie. Cette tr\u00eave hivernale \u00e0 aussi pour but de laisser la v\u00e9g\u00e9tation se reposer et de lutter contre le parasitisme qui se d\u00e9veloppe dans les parcelles surpatur\u00e9es. Une fois l&#8217;hivernage pass\u00e9, nous les remettons sur site et ainsi de suite. <\/p>\n\n\n\n<p>Pendant toute la dur\u00e9e du contrat, PATUR PAYSAGE se charge d&#8217;apporter les soins n\u00e9cessaires aux animaux : abreuvement, compl\u00e9mentation si n\u00e9cessaire, taille des onglons, vermifugation, prophylaxie, retrait\/traitement des animaux malades, etc<\/p>\n\n\n\n<p>Le contrat inclut \u00e9galement la mise \u00e0 disposition d&#8217;un abri et d&#8217;un syst\u00e8me d&#8217;abreuvement. <\/p>\n\n\n\n<div style=\"height:20px\" aria-hidden=\"true\" class=\"wp-block-spacer\"><\/div>\n\n\n\n<p>Si le terrain sur lequel vous envisagez l&#8217;\u00e9cop\u00e2turage n&#8217;est pas clos, nous pouvons installer votre cl\u00f4ture. <\/p>\n","protected":false},"excerpt":{"rendered":"<p>L&#8217;\u00e9co-p\u00e2turage&#8221; \u00e9galement appel\u00e9 &#8220;\u00e9copastoralisme&#8221; est une technique \u00e9cologique d&#8217;entretien des espaces verts par l&#8217;utilisation d&#8217;animaux herbivores. L&#8217;\u00e9co-p\u00e2turage est l&#8217;alternative id\u00e9ale pour la tonte ou le fauchage de l&#8217;herbe combin\u00e9 au plaisir d&#8217;avoir des animaux familiers durant la belle saison. Principalement pratiqu\u00e9 sur les sites industriels, l&#8217;\u00e9co-p\u00e2turage peut tout aussi bien trouver sa place chez les [&hellip;]<\/p>\n","protected":false},"author":1,"featured_media":0,"parent":0,"menu_order":0,"comment_status":"closed","ping_status":"closed","template":"","meta":[],"_links":{"self":[{"href":"https:\/\/paturpaysage.com\/index.php\/wp-json\/wp\/v2\/pages\/411"}],"collection":[{"href":"https:\/\/paturpaysage.com\/index.php\/wp-json\/wp\/v2\/pages"}],"about":[{"href":"https:\/\/paturpaysage.com\/index.php\/wp-json\/wp\/v2\/types\/page"}],"author":[{"embeddable":true,"href":"https:\/\/paturpaysage.com\/index.php\/wp-json\/wp\/v2\/users\/1"}],"replies":[{"embeddable":true,"href":"https:\/\/paturpaysage.com\/index.php\/wp-json\/wp\/v2\/comments?post=411"}],"version-history":[{"count":15,"href":"https:\/\/paturpaysage.com\/index.php\/wp-json\/wp\/v2\/pages\/411\/revisions"}],"predecessor-version":[{"id":599,"href":"https:\/\/paturpaysage.com\/index.php\/wp-json\/wp\/v2\/pages\/411\/revisions\/599"}],"wp:attachment":[{"href":"https:\/\/paturpaysage.com\/index.php\/wp-json\/wp\/v2\/media?parent=411"}],"curies":[{"name":"wp","href":"https:\/\/api.w.org\/{rel}","templated":true}]}}