{"id":216,"date":"2021-09-27T22:02:06","date_gmt":"2021-09-27T20:02:06","guid":{"rendered":"http:\/\/paturpaysage.com\/?page_id=216"},"modified":"2022-12-01T21:18:08","modified_gmt":"2022-12-01T20:18:08","slug":"ils-nous-font-confiance","status":"publish","type":"page","link":"https:\/\/paturpaysage.com\/index.php\/ils-nous-font-confiance\/","title":{"rendered":"Ils nous font confiance"},"content":{"rendered":"\n<div style=\"height:25px\" aria-hidden=\"true\" class=\"wp-block-spacer\"><\/div>\n\n\n\n<hr class=\"wp-block-separator\"\/>\n\n\n\n<div style=\"height:20px\" aria-hidden=\"true\" class=\"wp-block-spacer\"><\/div>\n\n\n\n<h2>GESTAMP SOFEDIT<\/h2>\n\n\n\n<div style=\"height:30px\" aria-hidden=\"true\" class=\"wp-block-spacer\"><\/div>\n\n\n\n<div class=\"wp-block-group\"><div class=\"wp-block-group__inner-container\">\n<div class=\"wp-block-group\"><div class=\"wp-block-group__inner-container\">\n<figure class=\"wp-block-gallery columns-2 is-cropped\"><ul class=\"blocks-gallery-grid\"><li class=\"blocks-gallery-item\"><figure><img loading=\"lazy\" width=\"1024\" height=\"768\" src=\"http:\/\/paturpaysage.com\/wp-content\/uploads\/2022\/11\/IMG_3117-1024x768.jpg\" alt=\"\" data-id=\"618\" data-full-url=\"http:\/\/paturpaysage.com\/wp-content\/uploads\/2022\/11\/IMG_3117-scaled.jpg\" data-link=\"http:\/\/paturpaysage.com\/index.php\/ils-nous-font-confiance\/img_3117\/\" class=\"wp-image-618\" srcset=\"https:\/\/paturpaysage.com\/wp-content\/uploads\/2022\/11\/IMG_3117-1024x768.jpg 1024w, https:\/\/paturpaysage.com\/wp-content\/uploads\/2022\/11\/IMG_3117-300x225.jpg 300w, https:\/\/paturpaysage.com\/wp-content\/uploads\/2022\/11\/IMG_3117-768x576.jpg 768w, https:\/\/paturpaysage.com\/wp-content\/uploads\/2022\/11\/IMG_3117-1536x1152.jpg 1536w, https:\/\/paturpaysage.com\/wp-content\/uploads\/2022\/11\/IMG_3117-2048x1536.jpg 2048w, https:\/\/paturpaysage.com\/wp-content\/uploads\/2022\/11\/IMG_3117-1x1.jpg 1w\" sizes=\"(max-width: 1024px) 100vw, 1024px\" \/><\/figure><\/li><li class=\"blocks-gallery-item\"><figure><img loading=\"lazy\" width=\"1024\" height=\"768\" src=\"http:\/\/paturpaysage.com\/wp-content\/uploads\/2022\/11\/IMG_3124-1024x768.jpg\" alt=\"\" data-id=\"621\" data-full-url=\"http:\/\/paturpaysage.com\/wp-content\/uploads\/2022\/11\/IMG_3124-scaled.jpg\" data-link=\"http:\/\/paturpaysage.com\/index.php\/ils-nous-font-confiance\/img_3124\/\" class=\"wp-image-621\" srcset=\"https:\/\/paturpaysage.com\/wp-content\/uploads\/2022\/11\/IMG_3124-1024x768.jpg 1024w, https:\/\/paturpaysage.com\/wp-content\/uploads\/2022\/11\/IMG_3124-300x225.jpg 300w, https:\/\/paturpaysage.com\/wp-content\/uploads\/2022\/11\/IMG_3124-768x576.jpg 768w, https:\/\/paturpaysage.com\/wp-content\/uploads\/2022\/11\/IMG_3124-1536x1152.jpg 1536w, https:\/\/paturpaysage.com\/wp-content\/uploads\/2022\/11\/IMG_3124-2048x1536.jpg 2048w, https:\/\/paturpaysage.com\/wp-content\/uploads\/2022\/11\/IMG_3124-1x1.jpg 1w\" sizes=\"(max-width: 1024px) 100vw, 1024px\" \/><\/figure><\/li><li class=\"blocks-gallery-item\"><figure><img loading=\"lazy\" width=\"1024\" height=\"768\" src=\"http:\/\/paturpaysage.com\/wp-content\/uploads\/2022\/11\/IMG_3122-1024x768.jpg\" alt=\"\" data-id=\"620\" data-full-url=\"http:\/\/paturpaysage.com\/wp-content\/uploads\/2022\/11\/IMG_3122-scaled.jpg\" data-link=\"http:\/\/paturpaysage.com\/index.php\/ils-nous-font-confiance\/img_3122\/\" class=\"wp-image-620\" srcset=\"https:\/\/paturpaysage.com\/wp-content\/uploads\/2022\/11\/IMG_3122-1024x768.jpg 1024w, https:\/\/paturpaysage.com\/wp-content\/uploads\/2022\/11\/IMG_3122-300x225.jpg 300w, https:\/\/paturpaysage.com\/wp-content\/uploads\/2022\/11\/IMG_3122-768x576.jpg 768w, https:\/\/paturpaysage.com\/wp-content\/uploads\/2022\/11\/IMG_3122-1536x1152.jpg 1536w, https:\/\/paturpaysage.com\/wp-content\/uploads\/2022\/11\/IMG_3122-2048x1536.jpg 2048w, https:\/\/paturpaysage.com\/wp-content\/uploads\/2022\/11\/IMG_3122-1x1.jpg 1w\" sizes=\"(max-width: 1024px) 100vw, 1024px\" \/><\/figure><\/li><\/ul><\/figure>\n\n\n\n<p>Gestamp Sofedit Le Theil fait appel \u00e0 nos services depuis 2022 pour l&#8217;entretien de l&#8217;\u00e9tang de loisir du CE. <\/p>\n\n\n\n<p>Pr\u00e8s d&#8217;1,5 ha sont ainsi tondus par une douzaine de brebis. <\/p>\n<\/div><\/div>\n\n\n\n<p><\/p>\n<\/div><\/div>\n\n\n\n<div style=\"height:86px\" aria-hidden=\"true\" class=\"wp-block-spacer\"><\/div>\n\n\n\n<hr class=\"wp-block-separator\"\/>\n\n\n\n<div style=\"height:20px\" aria-hidden=\"true\" class=\"wp-block-spacer\"><\/div>\n\n\n\n<h2>Transports MTA <\/h2>\n\n\n\n<div style=\"height:22px\" aria-hidden=\"true\" class=\"wp-block-spacer\"><\/div>\n\n\n\n<p>Le groupe MTA au Theil-sur-Huisne (61260) accueille depuis Avril 2021, 10 de nos ch\u00e8vres.<\/p>\n\n\n\n<p>Ils ont \u00e9t\u00e9 les premiers \u00e0 nous suivre dans l&#8217;aventure \u00e9co-p\u00e2turage et nos ch\u00e8vres le leurs rendent bien ; elles sont d&#8217;excellentes d\u00e9broussailleuses mais sont aussi tr\u00e8s sociables et c\u00e2lines.<\/p>\n\n\n\n<div style=\"height:20px\" aria-hidden=\"true\" class=\"wp-block-spacer\"><\/div>\n\n\n\n<figure class=\"wp-block-gallery columns-2 is-cropped\"><ul class=\"blocks-gallery-grid\"><li class=\"blocks-gallery-item\"><figure><img loading=\"lazy\" width=\"1024\" height=\"768\" src=\"http:\/\/paturpaysage.com\/wp-content\/uploads\/2021\/09\/IMG_1928-1024x768.jpg\" alt=\"\" data-id=\"240\" data-full-url=\"http:\/\/paturpaysage.com\/wp-content\/uploads\/2021\/09\/IMG_1928-scaled.jpg\" data-link=\"http:\/\/paturpaysage.com\/index.php\/ils-nous-font-confiance\/img_1928\/\" class=\"wp-image-240\" srcset=\"https:\/\/paturpaysage.com\/wp-content\/uploads\/2021\/09\/IMG_1928-1024x768.jpg 1024w, https:\/\/paturpaysage.com\/wp-content\/uploads\/2021\/09\/IMG_1928-300x225.jpg 300w, https:\/\/paturpaysage.com\/wp-content\/uploads\/2021\/09\/IMG_1928-768x576.jpg 768w, https:\/\/paturpaysage.com\/wp-content\/uploads\/2021\/09\/IMG_1928-1536x1152.jpg 1536w, https:\/\/paturpaysage.com\/wp-content\/uploads\/2021\/09\/IMG_1928-2048x1536.jpg 2048w, https:\/\/paturpaysage.com\/wp-content\/uploads\/2021\/09\/IMG_1928-1x1.jpg 1w\" sizes=\"(max-width: 1024px) 100vw, 1024px\" \/><\/figure><\/li><li class=\"blocks-gallery-item\"><figure><img loading=\"lazy\" width=\"1024\" height=\"768\" src=\"http:\/\/paturpaysage.com\/wp-content\/uploads\/2021\/10\/IMG_1880-1024x768.jpg\" alt=\"\" data-id=\"408\" data-full-url=\"http:\/\/paturpaysage.com\/wp-content\/uploads\/2021\/10\/IMG_1880-scaled.jpg\" data-link=\"http:\/\/paturpaysage.com\/index.php\/ils-nous-font-confiance\/img_1880\/\" class=\"wp-image-408\" srcset=\"https:\/\/paturpaysage.com\/wp-content\/uploads\/2021\/10\/IMG_1880-1024x768.jpg 1024w, https:\/\/paturpaysage.com\/wp-content\/uploads\/2021\/10\/IMG_1880-300x225.jpg 300w, https:\/\/paturpaysage.com\/wp-content\/uploads\/2021\/10\/IMG_1880-768x576.jpg 768w, https:\/\/paturpaysage.com\/wp-content\/uploads\/2021\/10\/IMG_1880-1536x1152.jpg 1536w, https:\/\/paturpaysage.com\/wp-content\/uploads\/2021\/10\/IMG_1880-2048x1536.jpg 2048w, https:\/\/paturpaysage.com\/wp-content\/uploads\/2021\/10\/IMG_1880-1x1.jpg 1w\" sizes=\"(max-width: 1024px) 100vw, 1024px\" \/><\/figure><\/li><li class=\"blocks-gallery-item\"><figure><img loading=\"lazy\" width=\"1024\" height=\"768\" src=\"http:\/\/paturpaysage.com\/wp-content\/uploads\/2021\/09\/IMG_1932-1024x768.jpg\" alt=\"\" data-id=\"184\" data-full-url=\"http:\/\/paturpaysage.com\/wp-content\/uploads\/2021\/09\/IMG_1932-scaled.jpg\" data-link=\"http:\/\/paturpaysage.com\/index.php\/eco-paturage\/img_1932\/\" class=\"wp-image-184\" srcset=\"https:\/\/paturpaysage.com\/wp-content\/uploads\/2021\/09\/IMG_1932-1024x768.jpg 1024w, https:\/\/paturpaysage.com\/wp-content\/uploads\/2021\/09\/IMG_1932-300x225.jpg 300w, https:\/\/paturpaysage.com\/wp-content\/uploads\/2021\/09\/IMG_1932-768x576.jpg 768w, https:\/\/paturpaysage.com\/wp-content\/uploads\/2021\/09\/IMG_1932-1536x1152.jpg 1536w, https:\/\/paturpaysage.com\/wp-content\/uploads\/2021\/09\/IMG_1932-2048x1536.jpg 2048w, https:\/\/paturpaysage.com\/wp-content\/uploads\/2021\/09\/IMG_1932-1x1.jpg 1w\" sizes=\"(max-width: 1024px) 100vw, 1024px\" \/><\/figure><\/li><\/ul><\/figure>\n\n\n\n<div style=\"height:46px\" aria-hidden=\"true\" class=\"wp-block-spacer\"><\/div>\n\n\n\n<p><\/p>\n\n\n\n<hr class=\"wp-block-separator\"\/>\n\n\n\n<div style=\"height:20px\" aria-hidden=\"true\" class=\"wp-block-spacer\"><\/div>\n\n\n\n<h2>Famille en r\u00e9sidence secondaire<\/h2>\n\n\n\n<div style=\"height:20px\" aria-hidden=\"true\" class=\"wp-block-spacer\"><\/div>\n\n\n\n<figure class=\"wp-block-gallery columns-2 is-cropped\"><ul class=\"blocks-gallery-grid\"><li class=\"blocks-gallery-item\"><figure><img loading=\"lazy\" width=\"1024\" height=\"768\" src=\"http:\/\/paturpaysage.com\/wp-content\/uploads\/2022\/11\/IMG_3445-1024x768.jpg\" alt=\"\" data-id=\"628\" data-link=\"http:\/\/paturpaysage.com\/index.php\/ils-nous-font-confiance\/img_3445\/\" class=\"wp-image-628\" srcset=\"https:\/\/paturpaysage.com\/wp-content\/uploads\/2022\/11\/IMG_3445-1024x768.jpg 1024w, https:\/\/paturpaysage.com\/wp-content\/uploads\/2022\/11\/IMG_3445-300x225.jpg 300w, https:\/\/paturpaysage.com\/wp-content\/uploads\/2022\/11\/IMG_3445-768x576.jpg 768w, https:\/\/paturpaysage.com\/wp-content\/uploads\/2022\/11\/IMG_3445-1536x1152.jpg 1536w, https:\/\/paturpaysage.com\/wp-content\/uploads\/2022\/11\/IMG_3445-2048x1536.jpg 2048w, https:\/\/paturpaysage.com\/wp-content\/uploads\/2022\/11\/IMG_3445-1x1.jpg 1w\" sizes=\"(max-width: 1024px) 100vw, 1024px\" \/><\/figure><\/li><li class=\"blocks-gallery-item\"><figure><img loading=\"lazy\" width=\"1024\" height=\"768\" src=\"http:\/\/paturpaysage.com\/wp-content\/uploads\/2022\/11\/IMG_3461-1024x768.jpg\" alt=\"\" data-id=\"630\" data-full-url=\"http:\/\/paturpaysage.com\/wp-content\/uploads\/2022\/11\/IMG_3461-scaled.jpg\" data-link=\"http:\/\/paturpaysage.com\/index.php\/ils-nous-font-confiance\/img_3461\/\" class=\"wp-image-630\" srcset=\"https:\/\/paturpaysage.com\/wp-content\/uploads\/2022\/11\/IMG_3461-1024x768.jpg 1024w, https:\/\/paturpaysage.com\/wp-content\/uploads\/2022\/11\/IMG_3461-300x225.jpg 300w, https:\/\/paturpaysage.com\/wp-content\/uploads\/2022\/11\/IMG_3461-768x576.jpg 768w, https:\/\/paturpaysage.com\/wp-content\/uploads\/2022\/11\/IMG_3461-1536x1152.jpg 1536w, https:\/\/paturpaysage.com\/wp-content\/uploads\/2022\/11\/IMG_3461-2048x1536.jpg 2048w, https:\/\/paturpaysage.com\/wp-content\/uploads\/2022\/11\/IMG_3461-1x1.jpg 1w\" sizes=\"(max-width: 1024px) 100vw, 1024px\" \/><\/figure><\/li><li class=\"blocks-gallery-item\"><figure><img loading=\"lazy\" width=\"1024\" height=\"768\" src=\"http:\/\/paturpaysage.com\/wp-content\/uploads\/2022\/11\/IMG_3454-1024x768.jpg\" alt=\"\" data-id=\"627\" data-link=\"http:\/\/paturpaysage.com\/index.php\/ils-nous-font-confiance\/img_3454\/\" class=\"wp-image-627\" srcset=\"https:\/\/paturpaysage.com\/wp-content\/uploads\/2022\/11\/IMG_3454-1024x768.jpg 1024w, https:\/\/paturpaysage.com\/wp-content\/uploads\/2022\/11\/IMG_3454-300x225.jpg 300w, https:\/\/paturpaysage.com\/wp-content\/uploads\/2022\/11\/IMG_3454-768x576.jpg 768w, https:\/\/paturpaysage.com\/wp-content\/uploads\/2022\/11\/IMG_3454-1536x1152.jpg 1536w, https:\/\/paturpaysage.com\/wp-content\/uploads\/2022\/11\/IMG_3454-2048x1536.jpg 2048w, https:\/\/paturpaysage.com\/wp-content\/uploads\/2022\/11\/IMG_3454-1x1.jpg 1w\" sizes=\"(max-width: 1024px) 100vw, 1024px\" \/><\/figure><\/li><\/ul><\/figure>\n\n\n\n<p>\u00c0 St Germain de la Coudre, sur la propri\u00e9t\u00e9 d&#8217;une jeune famille, nos brebis p\u00e2turent un terrain inaccessible aux engins motoris\u00e9s. <\/p>\n\n\n\n<div style=\"height:100px\" aria-hidden=\"true\" class=\"wp-block-spacer\"><\/div>\n\n\n\n<hr class=\"wp-block-separator\"\/>\n\n\n\n<div style=\"height:28px\" aria-hidden=\"true\" class=\"wp-block-spacer\"><\/div>\n","protected":false},"excerpt":{"rendered":"<p>GESTAMP SOFEDIT Transports MTA Le groupe MTA au Theil-sur-Huisne (61260) accueille depuis Avril 2021, 10 de nos ch\u00e8vres. Ils ont \u00e9t\u00e9 les premiers \u00e0 nous suivre dans l&#8217;aventure \u00e9co-p\u00e2turage et nos ch\u00e8vres le leurs rendent bien ; elles sont d&#8217;excellentes d\u00e9broussailleuses mais sont aussi tr\u00e8s sociables et c\u00e2lines. Famille en r\u00e9sidence secondaire \u00c0 St Germain [&hellip;]<\/p>\n","protected":false},"author":1,"featured_media":0,"parent":0,"menu_order":0,"comment_status":"closed","ping_status":"closed","template":"","meta":[],"_links":{"self":[{"href":"https:\/\/paturpaysage.com\/index.php\/wp-json\/wp\/v2\/pages\/216"}],"collection":[{"href":"https:\/\/paturpaysage.com\/index.php\/wp-json\/wp\/v2\/pages"}],"about":[{"href":"https:\/\/paturpaysage.com\/index.php\/wp-json\/wp\/v2\/types\/page"}],"author":[{"embeddable":true,"href":"https:\/\/paturpaysage.com\/index.php\/wp-json\/wp\/v2\/users\/1"}],"replies":[{"embeddable":true,"href":"https:\/\/paturpaysage.com\/index.php\/wp-json\/wp\/v2\/comments?post=216"}],"version-history":[{"count":21,"href":"https:\/\/paturpaysage.com\/index.php\/wp-json\/wp\/v2\/pages\/216\/revisions"}],"predecessor-version":[{"id":650,"href":"https:\/\/paturpaysage.com\/index.php\/wp-json\/wp\/v2\/pages\/216\/revisions\/650"}],"wp:attachment":[{"href":"https:\/\/paturpaysage.com\/index.php\/wp-json\/wp\/v2\/media?parent=216"}],"curies":[{"name":"wp","href":"https:\/\/api.w.org\/{rel}","templated":true}]}}