{"id":199,"date":"2021-09-27T21:55:53","date_gmt":"2021-09-27T19:55:53","guid":{"rendered":"http:\/\/paturpaysage.com\/?page_id=199"},"modified":"2022-11-28T21:51:44","modified_gmt":"2022-11-28T20:51:44","slug":"les-chevres","status":"publish","type":"page","link":"https:\/\/paturpaysage.com\/index.php\/les-chevres\/","title":{"rendered":"Les ch\u00e8vres"},"content":{"rendered":"\n<p>Nos 30 ch\u00e8vres sont toutes de race &#8216;Rove&#8217;. <\/p>\n\n\n\n<p>Cette race aux splendides cornes torsad\u00e9es \u00e0 la particularit\u00e9 d&#8217;\u00eatre une excellente d\u00e9broussailleuse. <\/p>\n\n\n\n<p>Avant tout passionn\u00e9s par la race, nous s\u00e9lectionnons rigoureusement nos reproducteurs pour n&#8217;avoir que des sujets de pure race.<\/p>\n\n\n\n<figure class=\"wp-block-image size-large\"><img loading=\"lazy\" width=\"1024\" height=\"768\" src=\"http:\/\/paturpaysage.com\/wp-content\/uploads\/2021\/09\/IMG_2169-1024x768.jpg\" alt=\"\" class=\"wp-image-81\" srcset=\"https:\/\/paturpaysage.com\/wp-content\/uploads\/2021\/09\/IMG_2169-1024x768.jpg 1024w, https:\/\/paturpaysage.com\/wp-content\/uploads\/2021\/09\/IMG_2169-300x225.jpg 300w, https:\/\/paturpaysage.com\/wp-content\/uploads\/2021\/09\/IMG_2169-768x576.jpg 768w, https:\/\/paturpaysage.com\/wp-content\/uploads\/2021\/09\/IMG_2169-1536x1152.jpg 1536w, https:\/\/paturpaysage.com\/wp-content\/uploads\/2021\/09\/IMG_2169-2048x1536.jpg 2048w, https:\/\/paturpaysage.com\/wp-content\/uploads\/2021\/09\/IMG_2169-1x1.jpg 1w\" sizes=\"(max-width: 1024px) 100vw, 1024px\" \/><\/figure>\n\n\n\n<figure class=\"wp-block-image size-large\"><img loading=\"lazy\" width=\"1024\" height=\"768\" src=\"http:\/\/paturpaysage.com\/wp-content\/uploads\/2021\/09\/IMG_2173-1024x768.jpg\" alt=\"\" class=\"wp-image-230\" srcset=\"https:\/\/paturpaysage.com\/wp-content\/uploads\/2021\/09\/IMG_2173-1024x768.jpg 1024w, https:\/\/paturpaysage.com\/wp-content\/uploads\/2021\/09\/IMG_2173-300x225.jpg 300w, https:\/\/paturpaysage.com\/wp-content\/uploads\/2021\/09\/IMG_2173-768x576.jpg 768w, https:\/\/paturpaysage.com\/wp-content\/uploads\/2021\/09\/IMG_2173-1536x1152.jpg 1536w, https:\/\/paturpaysage.com\/wp-content\/uploads\/2021\/09\/IMG_2173-2048x1536.jpg 2048w, https:\/\/paturpaysage.com\/wp-content\/uploads\/2021\/09\/IMG_2173-1x1.jpg 1w\" sizes=\"(max-width: 1024px) 100vw, 1024px\" \/><\/figure>\n\n\n\n<figure class=\"wp-block-image size-large\"><img loading=\"lazy\" width=\"768\" height=\"1024\" src=\"http:\/\/paturpaysage.com\/wp-content\/uploads\/2021\/09\/IMG_2298-1-768x1024.jpg\" alt=\"\" class=\"wp-image-186\" srcset=\"https:\/\/paturpaysage.com\/wp-content\/uploads\/2021\/09\/IMG_2298-1-768x1024.jpg 768w, https:\/\/paturpaysage.com\/wp-content\/uploads\/2021\/09\/IMG_2298-1-225x300.jpg 225w, https:\/\/paturpaysage.com\/wp-content\/uploads\/2021\/09\/IMG_2298-1-1152x1536.jpg 1152w, https:\/\/paturpaysage.com\/wp-content\/uploads\/2021\/09\/IMG_2298-1-1536x2048.jpg 1536w, https:\/\/paturpaysage.com\/wp-content\/uploads\/2021\/09\/IMG_2298-1-1x1.jpg 1w, https:\/\/paturpaysage.com\/wp-content\/uploads\/2021\/09\/IMG_2298-1-scaled.jpg 1920w\" sizes=\"(max-width: 768px) 100vw, 768px\" \/><\/figure>\n\n\n\n<figure class=\"wp-block-image size-large\"><img loading=\"lazy\" width=\"1024\" height=\"576\" src=\"http:\/\/paturpaysage.com\/wp-content\/uploads\/2021\/09\/AAB2533F-8413-42F9-ABF1-5CA049F3CC03-1024x576.jpg\" alt=\"\" class=\"wp-image-224\" srcset=\"https:\/\/paturpaysage.com\/wp-content\/uploads\/2021\/09\/AAB2533F-8413-42F9-ABF1-5CA049F3CC03-1024x576.jpg 1024w, https:\/\/paturpaysage.com\/wp-content\/uploads\/2021\/09\/AAB2533F-8413-42F9-ABF1-5CA049F3CC03-300x169.jpg 300w, https:\/\/paturpaysage.com\/wp-content\/uploads\/2021\/09\/AAB2533F-8413-42F9-ABF1-5CA049F3CC03-768x432.jpg 768w, https:\/\/paturpaysage.com\/wp-content\/uploads\/2021\/09\/AAB2533F-8413-42F9-ABF1-5CA049F3CC03-1536x865.jpg 1536w, https:\/\/paturpaysage.com\/wp-content\/uploads\/2021\/09\/AAB2533F-8413-42F9-ABF1-5CA049F3CC03-2048x1153.jpg 2048w, https:\/\/paturpaysage.com\/wp-content\/uploads\/2021\/09\/AAB2533F-8413-42F9-ABF1-5CA049F3CC03-1x1.jpg 1w\" sizes=\"(max-width: 1024px) 100vw, 1024px\" \/><\/figure>\n\n\n\n<figure class=\"wp-block-image size-large\"><img loading=\"lazy\" width=\"1024\" height=\"768\" src=\"http:\/\/paturpaysage.com\/wp-content\/uploads\/2021\/10\/IMG_1815-1024x768.jpg\" alt=\"\" class=\"wp-image-329\" srcset=\"https:\/\/paturpaysage.com\/wp-content\/uploads\/2021\/10\/IMG_1815-1024x768.jpg 1024w, https:\/\/paturpaysage.com\/wp-content\/uploads\/2021\/10\/IMG_1815-300x225.jpg 300w, https:\/\/paturpaysage.com\/wp-content\/uploads\/2021\/10\/IMG_1815-768x576.jpg 768w, https:\/\/paturpaysage.com\/wp-content\/uploads\/2021\/10\/IMG_1815-1536x1152.jpg 1536w, https:\/\/paturpaysage.com\/wp-content\/uploads\/2021\/10\/IMG_1815-2048x1536.jpg 2048w, https:\/\/paturpaysage.com\/wp-content\/uploads\/2021\/10\/IMG_1815-1x1.jpg 1w\" sizes=\"(max-width: 1024px) 100vw, 1024px\" \/><\/figure>\n\n\n\n<figure class=\"wp-block-image size-large\"><img loading=\"lazy\" width=\"1024\" height=\"768\" src=\"http:\/\/paturpaysage.com\/wp-content\/uploads\/2021\/09\/IMG_1981-1024x768.jpg\" alt=\"\" class=\"wp-image-228\" srcset=\"https:\/\/paturpaysage.com\/wp-content\/uploads\/2021\/09\/IMG_1981-1024x768.jpg 1024w, https:\/\/paturpaysage.com\/wp-content\/uploads\/2021\/09\/IMG_1981-300x225.jpg 300w, https:\/\/paturpaysage.com\/wp-content\/uploads\/2021\/09\/IMG_1981-768x576.jpg 768w, https:\/\/paturpaysage.com\/wp-content\/uploads\/2021\/09\/IMG_1981-1536x1152.jpg 1536w, https:\/\/paturpaysage.com\/wp-content\/uploads\/2021\/09\/IMG_1981-2048x1536.jpg 2048w, https:\/\/paturpaysage.com\/wp-content\/uploads\/2021\/09\/IMG_1981-1x1.jpg 1w\" sizes=\"(max-width: 1024px) 100vw, 1024px\" \/><\/figure>\n\n\n\n<figure class=\"wp-block-image size-large\"><img loading=\"lazy\" width=\"768\" height=\"1024\" src=\"http:\/\/paturpaysage.com\/wp-content\/uploads\/2021\/09\/IMG_2275-768x1024.jpg\" alt=\"\" class=\"wp-image-227\" srcset=\"https:\/\/paturpaysage.com\/wp-content\/uploads\/2021\/09\/IMG_2275-768x1024.jpg 768w, https:\/\/paturpaysage.com\/wp-content\/uploads\/2021\/09\/IMG_2275-225x300.jpg 225w, https:\/\/paturpaysage.com\/wp-content\/uploads\/2021\/09\/IMG_2275-1152x1536.jpg 1152w, https:\/\/paturpaysage.com\/wp-content\/uploads\/2021\/09\/IMG_2275-1536x2048.jpg 1536w, https:\/\/paturpaysage.com\/wp-content\/uploads\/2021\/09\/IMG_2275-1x1.jpg 1w, https:\/\/paturpaysage.com\/wp-content\/uploads\/2021\/09\/IMG_2275-scaled.jpg 1920w\" sizes=\"(max-width: 768px) 100vw, 768px\" \/><\/figure>\n\n\n\n<figure class=\"wp-block-image\"><img alt=\"\"\/><\/figure>\n\n\n\n<figure class=\"wp-block-image size-large is-resized\"><img loading=\"lazy\" src=\"http:\/\/paturpaysage.com\/wp-content\/uploads\/2021\/09\/IMG_2322-edited.jpg\" alt=\"\" class=\"wp-image-247\" width=\"885\" height=\"553\" srcset=\"https:\/\/paturpaysage.com\/wp-content\/uploads\/2021\/09\/IMG_2322-edited.jpg 1324w, https:\/\/paturpaysage.com\/wp-content\/uploads\/2021\/09\/IMG_2322-edited-300x188.jpg 300w, https:\/\/paturpaysage.com\/wp-content\/uploads\/2021\/09\/IMG_2322-edited-1024x640.jpg 1024w, https:\/\/paturpaysage.com\/wp-content\/uploads\/2021\/09\/IMG_2322-edited-768x480.jpg 768w, https:\/\/paturpaysage.com\/wp-content\/uploads\/2021\/09\/IMG_2322-edited-1x1.jpg 1w\" sizes=\"(max-width: 885px) 100vw, 885px\" \/><\/figure>\n","protected":false},"excerpt":{"rendered":"<p>Nos 30 ch\u00e8vres sont toutes de race &#8216;Rove&#8217;. Cette race aux splendides cornes torsad\u00e9es \u00e0 la particularit\u00e9 d&#8217;\u00eatre une excellente d\u00e9broussailleuse. Avant tout passionn\u00e9s par la race, nous s\u00e9lectionnons rigoureusement nos reproducteurs pour n&#8217;avoir que des sujets de pure race.<\/p>\n","protected":false},"author":1,"featured_media":0,"parent":0,"menu_order":0,"comment_status":"closed","ping_status":"closed","template":"","meta":[],"_links":{"self":[{"href":"https:\/\/paturpaysage.com\/index.php\/wp-json\/wp\/v2\/pages\/199"}],"collection":[{"href":"https:\/\/paturpaysage.com\/index.php\/wp-json\/wp\/v2\/pages"}],"about":[{"href":"https:\/\/paturpaysage.com\/index.php\/wp-json\/wp\/v2\/types\/page"}],"author":[{"embeddable":true,"href":"https:\/\/paturpaysage.com\/index.php\/wp-json\/wp\/v2\/users\/1"}],"replies":[{"embeddable":true,"href":"https:\/\/paturpaysage.com\/index.php\/wp-json\/wp\/v2\/comments?post=199"}],"version-history":[{"count":11,"href":"https:\/\/paturpaysage.com\/index.php\/wp-json\/wp\/v2\/pages\/199\/revisions"}],"predecessor-version":[{"id":614,"href":"https:\/\/paturpaysage.com\/index.php\/wp-json\/wp\/v2\/pages\/199\/revisions\/614"}],"wp:attachment":[{"href":"https:\/\/paturpaysage.com\/index.php\/wp-json\/wp\/v2\/media?parent=199"}],"curies":[{"name":"wp","href":"https:\/\/api.w.org\/{rel}","templated":true}]}}