{"id":197,"date":"2021-09-27T21:55:53","date_gmt":"2021-09-27T19:55:53","guid":{"rendered":"http:\/\/paturpaysage.com\/?page_id=197"},"modified":"2022-01-07T22:21:35","modified_gmt":"2022-01-07T21:21:35","slug":"terrassement","status":"publish","type":"page","link":"https:\/\/paturpaysage.com\/index.php\/terrassement\/","title":{"rendered":"Terrassement"},"content":{"rendered":"\n<hr class=\"wp-block-separator\"\/>\n\n\n\n<div style=\"height:46px\" aria-hidden=\"true\" class=\"wp-block-spacer\"><\/div>\n\n\n\n<h2>Empierrement d&#8217;une cour<\/h2>\n\n\n\n<div style=\"height:20px\" aria-hidden=\"true\" class=\"wp-block-spacer\"><\/div>\n\n\n\n<figure class=\"wp-block-gallery columns-2 is-cropped\"><ul class=\"blocks-gallery-grid\"><li class=\"blocks-gallery-item\"><figure><img loading=\"lazy\" width=\"1024\" height=\"768\" src=\"http:\/\/paturpaysage.com\/wp-content\/uploads\/2021\/10\/IMG_2420-1024x768.jpg\" alt=\"\" data-id=\"314\" data-full-url=\"http:\/\/paturpaysage.com\/wp-content\/uploads\/2021\/10\/IMG_2420-scaled.jpg\" data-link=\"http:\/\/paturpaysage.com\/index.php\/terrassement\/img_2420\/\" class=\"wp-image-314\" srcset=\"https:\/\/paturpaysage.com\/wp-content\/uploads\/2021\/10\/IMG_2420-1024x768.jpg 1024w, https:\/\/paturpaysage.com\/wp-content\/uploads\/2021\/10\/IMG_2420-300x225.jpg 300w, https:\/\/paturpaysage.com\/wp-content\/uploads\/2021\/10\/IMG_2420-768x576.jpg 768w, https:\/\/paturpaysage.com\/wp-content\/uploads\/2021\/10\/IMG_2420-1536x1152.jpg 1536w, https:\/\/paturpaysage.com\/wp-content\/uploads\/2021\/10\/IMG_2420-2048x1536.jpg 2048w, https:\/\/paturpaysage.com\/wp-content\/uploads\/2021\/10\/IMG_2420-1x1.jpg 1w\" sizes=\"(max-width: 1024px) 100vw, 1024px\" \/><\/figure><\/li><li class=\"blocks-gallery-item\"><figure><img loading=\"lazy\" width=\"1024\" height=\"768\" src=\"http:\/\/paturpaysage.com\/wp-content\/uploads\/2021\/10\/IMG_2419-1024x768.jpg\" alt=\"\" data-id=\"313\" data-full-url=\"http:\/\/paturpaysage.com\/wp-content\/uploads\/2021\/10\/IMG_2419-scaled.jpg\" data-link=\"http:\/\/paturpaysage.com\/index.php\/terrassement\/img_2419\/\" class=\"wp-image-313\" srcset=\"https:\/\/paturpaysage.com\/wp-content\/uploads\/2021\/10\/IMG_2419-1024x768.jpg 1024w, https:\/\/paturpaysage.com\/wp-content\/uploads\/2021\/10\/IMG_2419-300x225.jpg 300w, https:\/\/paturpaysage.com\/wp-content\/uploads\/2021\/10\/IMG_2419-768x576.jpg 768w, https:\/\/paturpaysage.com\/wp-content\/uploads\/2021\/10\/IMG_2419-1536x1152.jpg 1536w, https:\/\/paturpaysage.com\/wp-content\/uploads\/2021\/10\/IMG_2419-2048x1536.jpg 2048w, https:\/\/paturpaysage.com\/wp-content\/uploads\/2021\/10\/IMG_2419-1x1.jpg 1w\" sizes=\"(max-width: 1024px) 100vw, 1024px\" \/><\/figure><\/li><li class=\"blocks-gallery-item\"><figure><img loading=\"lazy\" width=\"1024\" height=\"768\" src=\"http:\/\/paturpaysage.com\/wp-content\/uploads\/2021\/10\/IMG_2416-1024x768.jpg\" alt=\"\" data-id=\"312\" data-full-url=\"http:\/\/paturpaysage.com\/wp-content\/uploads\/2021\/10\/IMG_2416-scaled.jpg\" data-link=\"http:\/\/paturpaysage.com\/index.php\/terrassement\/img_2416\/\" class=\"wp-image-312\" srcset=\"https:\/\/paturpaysage.com\/wp-content\/uploads\/2021\/10\/IMG_2416-1024x768.jpg 1024w, https:\/\/paturpaysage.com\/wp-content\/uploads\/2021\/10\/IMG_2416-300x225.jpg 300w, https:\/\/paturpaysage.com\/wp-content\/uploads\/2021\/10\/IMG_2416-768x576.jpg 768w, https:\/\/paturpaysage.com\/wp-content\/uploads\/2021\/10\/IMG_2416-1536x1152.jpg 1536w, https:\/\/paturpaysage.com\/wp-content\/uploads\/2021\/10\/IMG_2416-2048x1536.jpg 2048w, https:\/\/paturpaysage.com\/wp-content\/uploads\/2021\/10\/IMG_2416-1x1.jpg 1w\" sizes=\"(max-width: 1024px) 100vw, 1024px\" \/><\/figure><\/li><\/ul><\/figure>\n\n\n\n<div style=\"height:20px\" aria-hidden=\"true\" class=\"wp-block-spacer\"><\/div>\n\n\n\n<p>D\u00e9caissement de terre, g\u00e9otextile, tout-venant 0\/31,5 calcaire, sable calcaire 0\/4<\/p>\n\n\n\n<div style=\"height:44px\" aria-hidden=\"true\" class=\"wp-block-spacer\"><\/div>\n\n\n\n<hr class=\"wp-block-separator\"\/>\n\n\n\n<div style=\"height:93px\" aria-hidden=\"true\" class=\"wp-block-spacer\"><\/div>\n\n\n\n<h2>Cr\u00e9ation d&#8217;un parking<\/h2>\n\n\n\n<div style=\"height:20px\" aria-hidden=\"true\" class=\"wp-block-spacer\"><\/div>\n\n\n\n<figure class=\"wp-block-gallery columns-2 is-cropped\"><ul class=\"blocks-gallery-grid\"><li class=\"blocks-gallery-item\"><figure><img loading=\"lazy\" width=\"768\" height=\"1024\" src=\"http:\/\/paturpaysage.com\/wp-content\/uploads\/2022\/01\/IMG_2675-768x1024.jpg\" alt=\"\" data-id=\"558\" data-full-url=\"http:\/\/paturpaysage.com\/wp-content\/uploads\/2022\/01\/IMG_2675-scaled.jpg\" data-link=\"http:\/\/paturpaysage.com\/index.php\/terrassement\/img_2675\/\" class=\"wp-image-558\" srcset=\"https:\/\/paturpaysage.com\/wp-content\/uploads\/2022\/01\/IMG_2675-768x1024.jpg 768w, https:\/\/paturpaysage.com\/wp-content\/uploads\/2022\/01\/IMG_2675-225x300.jpg 225w, https:\/\/paturpaysage.com\/wp-content\/uploads\/2022\/01\/IMG_2675-1152x1536.jpg 1152w, https:\/\/paturpaysage.com\/wp-content\/uploads\/2022\/01\/IMG_2675-1536x2048.jpg 1536w, https:\/\/paturpaysage.com\/wp-content\/uploads\/2022\/01\/IMG_2675-1x1.jpg 1w, https:\/\/paturpaysage.com\/wp-content\/uploads\/2022\/01\/IMG_2675-scaled.jpg 1920w\" sizes=\"(max-width: 768px) 100vw, 768px\" \/><\/figure><\/li><li class=\"blocks-gallery-item\"><figure><img loading=\"lazy\" width=\"768\" height=\"1024\" src=\"http:\/\/paturpaysage.com\/wp-content\/uploads\/2022\/01\/IMG_2673-768x1024.jpg\" alt=\"\" data-id=\"557\" data-full-url=\"http:\/\/paturpaysage.com\/wp-content\/uploads\/2022\/01\/IMG_2673-scaled.jpg\" data-link=\"http:\/\/paturpaysage.com\/index.php\/terrassement\/img_2673\/\" class=\"wp-image-557\" srcset=\"https:\/\/paturpaysage.com\/wp-content\/uploads\/2022\/01\/IMG_2673-768x1024.jpg 768w, https:\/\/paturpaysage.com\/wp-content\/uploads\/2022\/01\/IMG_2673-225x300.jpg 225w, https:\/\/paturpaysage.com\/wp-content\/uploads\/2022\/01\/IMG_2673-1152x1536.jpg 1152w, https:\/\/paturpaysage.com\/wp-content\/uploads\/2022\/01\/IMG_2673-1536x2048.jpg 1536w, https:\/\/paturpaysage.com\/wp-content\/uploads\/2022\/01\/IMG_2673-1x1.jpg 1w, https:\/\/paturpaysage.com\/wp-content\/uploads\/2022\/01\/IMG_2673-scaled.jpg 1920w\" sizes=\"(max-width: 768px) 100vw, 768px\" \/><\/figure><\/li><\/ul><\/figure>\n\n\n\n<p>D\u00e9caissement de terre v\u00e9g\u00e9tale nivel\u00e9e \u00e0 pied d\u2019\u0153uvre, g\u00e9otextile et tout-venant 0\/31,5<\/p>\n\n\n\n<div style=\"height:100px\" aria-hidden=\"true\" class=\"wp-block-spacer\"><\/div>\n\n\n\n<hr class=\"wp-block-separator\"\/>\n","protected":false},"excerpt":{"rendered":"<p>Empierrement d&#8217;une cour D\u00e9caissement de terre, g\u00e9otextile, tout-venant 0\/31,5 calcaire, sable calcaire 0\/4 Cr\u00e9ation d&#8217;un parking D\u00e9caissement de terre v\u00e9g\u00e9tale nivel\u00e9e \u00e0 pied d\u2019\u0153uvre, g\u00e9otextile et tout-venant 0\/31,5<\/p>\n","protected":false},"author":1,"featured_media":0,"parent":0,"menu_order":0,"comment_status":"closed","ping_status":"closed","template":"","meta":[],"_links":{"self":[{"href":"https:\/\/paturpaysage.com\/index.php\/wp-json\/wp\/v2\/pages\/197"}],"collection":[{"href":"https:\/\/paturpaysage.com\/index.php\/wp-json\/wp\/v2\/pages"}],"about":[{"href":"https:\/\/paturpaysage.com\/index.php\/wp-json\/wp\/v2\/types\/page"}],"author":[{"embeddable":true,"href":"https:\/\/paturpaysage.com\/index.php\/wp-json\/wp\/v2\/users\/1"}],"replies":[{"embeddable":true,"href":"https:\/\/paturpaysage.com\/index.php\/wp-json\/wp\/v2\/comments?post=197"}],"version-history":[{"count":16,"href":"https:\/\/paturpaysage.com\/index.php\/wp-json\/wp\/v2\/pages\/197\/revisions"}],"predecessor-version":[{"id":563,"href":"https:\/\/paturpaysage.com\/index.php\/wp-json\/wp\/v2\/pages\/197\/revisions\/563"}],"wp:attachment":[{"href":"https:\/\/paturpaysage.com\/index.php\/wp-json\/wp\/v2\/media?parent=197"}],"curies":[{"name":"wp","href":"https:\/\/api.w.org\/{rel}","templated":true}]}}